{"id":59,"date":"2015-09-09T11:58:24","date_gmt":"2015-09-09T11:58:24","guid":{"rendered":"http:\/\/tamoz.co.mz\/wp-tamoz\/?page_id=59"},"modified":"2024-02-26T12:42:50","modified_gmt":"2024-02-26T12:42:50","slug":"sobre","status":"publish","type":"page","link":"https:\/\/tamoz.co.mz\/wp-tamoz\/index.php\/sobre\/","title":{"rendered":"Sobre"},"content":{"rendered":"<p>A tamoz<sup>\u00a9<\/sup> \u00e9 uma empresa industrial especializada na \u00e1rea de tratamentos de lacagem da superf\u00edcie de perfis de alum\u00ednio, para empresas de constru\u00e7\u00e3o civil e serralharias.<\/p>\n<p>Equipada com duas linhas de lacagem e utilizando mat\u00e9rias-primas de marcas internacionais, a tamoz<sup>\u00a9<\/sup> visa apresentar solu\u00e7\u00f5es para um mercado em cont\u00ednuo crescimento e com necessidades cada vez mais imediatas e exigentes do mercado, oferecendo produtos com qualidade e que respondam \u00e0s tend\u00eancias arquitet\u00f3nicas de futuro.<\/p>\n<p><span style=\"color: #00abc8;\"><strong>Miss\u00e3o <\/strong><\/span>Fornecer um servi\u00e7o de qualidade no tratamento de perfis de alum\u00ednio no mercado mo\u00e7ambicano, com responsabilidade e rigor de modo a satisfazer os seus clientes, tornando-os em parceiros de neg\u00f3cio.<\/p>\n<p><span style=\"color: #00abc8;\"><strong>Vis\u00e3o <\/strong><\/span>O alum\u00ednio \u00e9 um material 100% recicl\u00e1vel, sendo cada vez mais utilizado em in\u00fameras aplica\u00e7\u00f5es, a tamoz<sup>\u00a9<\/sup> pretende ser uma empresa de refer\u00eancia na \u00e1rea dos tratamentos de superf\u00edcie de perfis de alum\u00ednio, apostando nos seus recursos tecnol\u00f3gicos e humanos, bem como na melhoria cont\u00ednua dos seus processos produtivos, baseado numa pol\u00edtica de sustentabilidade econ\u00f3mica e ambiental com princ\u00edpios socialmente respons\u00e1veis.<\/p>\n<p><span style=\"color: #00abc8;\"><strong>Valores<\/strong><\/span><\/p>\n<ul>\n<li>\u00c9tica e lealdade com os <em>stakeholders<\/em> de mercado;<\/li>\n<li>Crescer com transpar\u00eancia, rigor e responsabilidade;<\/li>\n<li>Melhoria cont\u00ednua de Qualidade nos processos produtivos e na oferta de produtos;<\/li>\n<li>Forma\u00e7\u00e3o e valoriza\u00e7\u00e3o dos seus recursos-humanos;<\/li>\n<li>Pol\u00edtica de responsabilidade social de bem-estar dos colaboradores e comunidade.<\/li>\n<\/ul>\n","protected":false},"excerpt":{"rendered":"<p>A tamoz\u00a9 \u00e9 uma empresa industrial especializada na \u00e1rea de tratamentos de lacagem da superf\u00edcie de perfis de alum\u00ednio, para empresas de constru\u00e7\u00e3o civil e serralharias. Equipada com duas linhas de lacagem e utilizando mat\u00e9rias-primas de marcas internacionais, a tamoz\u00a9 visa apresentar solu\u00e7\u00f5es para um mercado em cont\u00ednuo crescimento e com necessidades cada vez mais [&hellip;]<\/p>\n","protected":false},"author":1,"featured_media":0,"parent":0,"menu_order":0,"comment_status":"closed","ping_status":"closed","template":"","meta":[],"_links":{"self":[{"href":"https:\/\/tamoz.co.mz\/wp-tamoz\/index.php\/wp-json\/wp\/v2\/pages\/59"}],"collection":[{"href":"https:\/\/tamoz.co.mz\/wp-tamoz\/index.php\/wp-json\/wp\/v2\/pages"}],"about":[{"href":"https:\/\/tamoz.co.mz\/wp-tamoz\/index.php\/wp-json\/wp\/v2\/types\/page"}],"author":[{"embeddable":true,"href":"https:\/\/tamoz.co.mz\/wp-tamoz\/index.php\/wp-json\/wp\/v2\/users\/1"}],"replies":[{"embeddable":true,"href":"https:\/\/tamoz.co.mz\/wp-tamoz\/index.php\/wp-json\/wp\/v2\/comments?post=59"}],"version-history":[{"count":20,"href":"https:\/\/tamoz.co.mz\/wp-tamoz\/index.php\/wp-json\/wp\/v2\/pages\/59\/revisions"}],"predecessor-version":[{"id":487,"href":"https:\/\/tamoz.co.mz\/wp-tamoz\/index.php\/wp-json\/wp\/v2\/pages\/59\/revisions\/487"}],"wp:attachment":[{"href":"https:\/\/tamoz.co.mz\/wp-tamoz\/index.php\/wp-json\/wp\/v2\/media?parent=59"}],"curies":[{"name":"wp","href":"https:\/\/api.w.org\/{rel}","templated":true}]}}